{"id":258,"date":"2024-10-11T19:08:30","date_gmt":"2024-10-11T17:08:30","guid":{"rendered":"https:\/\/immobilierism.com\/offre\/?page_id=258"},"modified":"2024-10-11T19:39:05","modified_gmt":"2024-10-11T17:39:05","slug":"vendre-ou-louer-son-bien","status":"publish","type":"page","link":"https:\/\/immobilierism.com\/offre\/vendre-ou-louer-son-bien\/","title":{"rendered":"Vendre ou Louer Son Bien"},"content":{"rendered":"\n<p>Vous souhaitez<strong> vendre ou louer votre bien rapidement et en toute s\u00e9r\u00e9nit\u00e9 ? <\/strong>Nous sommes l\u00e0 pour vous accompagner dans chaque \u00e9tape de ce processus. Gr\u00e2ce \u00e0 notre expertise du march\u00e9 immobilier, nous vous aiderons \u00e0 trouver des acqu\u00e9reurs ou locataires fiables, tout en vous offrant des conseils personnalis\u00e9s pour valoriser votre propri\u00e9t\u00e9.<\/p>\n\n\n\n<p>\ud83d\udcde <strong>Appelez-nous d\u00e8s maintenant<\/strong> au <strong><a href=\"tel:221776813879\">+221 78 474 49 36<\/a> <\/strong>ou envoyez-nous un message via le formulaire ci-dessous pour discuter de votre projet.<\/p>\n\n\n<div class=\"wpforms-container wpforms-container-full wpforms-block wpforms-block-befc77ae-473a-44e6-ad38-f1fdd2e5b75a wpforms-render-modern\" id=\"wpforms-273\"><form id=\"wpforms-form-273\" class=\"wpforms-validate wpforms-form wpforms-ajax-form\" data-formid=\"273\" method=\"post\" enctype=\"multipart\/form-data\" action=\"\/offre\/wp-json\/wp\/v2\/pages\/258\" data-token=\"cd64eae2cebe9f0e2c91106fc65a6b9a\" data-token-time=\"1778760978\"><noscript class=\"wpforms-error-noscript\">Veuillez activer JavaScript dans votre navigateur pour remplir ce formulaire.<\/noscript><div id=\"wpforms-error-noscript\" style=\"display: none;\">Veuillez activer JavaScript dans votre navigateur pour remplir ce formulaire.<\/div><div class=\"wpforms-field-container\"><div id=\"wpforms-273-field_1-container\" class=\"wpforms-field wpforms-field-name\" data-field-id=\"1\"><fieldset><legend class=\"wpforms-field-label\">Nom <span class=\"wpforms-required-label\" aria-hidden=\"true\">*<\/span><\/legend><div class=\"wpforms-field-row wpforms-field-medium\"><div class=\"wpforms-field-row-block wpforms-first wpforms-one-half\"><input type=\"text\" id=\"wpforms-273-field_1\" class=\"wpforms-field-name-first wpforms-field-required\" name=\"wpforms[fields][1][first]\" aria-errormessage=\"wpforms-273-field_1-error\" required><label for=\"wpforms-273-field_1\" class=\"wpforms-field-sublabel after\">Pr\u00e9nom<\/label><\/div><div class=\"wpforms-field-row-block wpforms-one-half\"><input type=\"text\" id=\"wpforms-273-field_1-last\" class=\"wpforms-field-name-last wpforms-field-required\" name=\"wpforms[fields][1][last]\" aria-errormessage=\"wpforms-273-field_1-last-error\" required><label for=\"wpforms-273-field_1-last\" class=\"wpforms-field-sublabel after\">Nom<\/label><\/div><\/div><\/fieldset><\/div><div id=\"wpforms-273-field_8-container\" class=\"wpforms-field wpforms-field-email\" data-field-id=\"8\"><label class=\"wpforms-field-label\" for=\"wpforms-273-field_8\">Email <span class=\"wpforms-required-label\" aria-hidden=\"true\">*<\/span><\/label><input type=\"email\" id=\"wpforms-273-field_8\" class=\"wpforms-field-medium wpforms-field-required\" name=\"wpforms[fields][8]\" spellcheck=\"false\" aria-errormessage=\"wpforms-273-field_8-error\" required><\/div>\t\t<div id=\"wpforms-273-field_2-container\"\n\t\t\tclass=\"wpforms-field wpforms-field-text\"\n\t\t\tdata-field-type=\"text\"\n\t\t\tdata-field-id=\"2\"\n\t\t\t>\n\t\t\t<label class=\"wpforms-field-label\" for=\"wpforms-273-field_2\" >bien que souhaitez-vous<\/label>\n\t\t\t<input type=\"text\" id=\"wpforms-273-field_2\" class=\"wpforms-field-medium\" name=\"wpforms[fields][2]\" >\n\t\t<\/div>\n\t\t<div id=\"wpforms-273-field_12-container\" class=\"wpforms-field wpforms-field-text\" data-field-id=\"12\"><label class=\"wpforms-field-label\" for=\"wpforms-273-field_12\">Num\u00e9ro T\u00e9l\u00e9phone*<\/label><input type=\"text\" id=\"wpforms-273-field_12\" class=\"wpforms-field-medium\" name=\"wpforms[fields][12]\" aria-errormessage=\"wpforms-273-field_12-error\" aria-describedby=\"wpforms-273-field_12-description\" ><div id=\"wpforms-273-field_12-description\" class=\"wpforms-field-description\">+221 <\/div><\/div><div id=\"wpforms-273-field_4-container\" class=\"wpforms-field wpforms-field-radio\" data-field-id=\"4\"><fieldset><legend class=\"wpforms-field-label\">Que souhaitez-vous faire avec ce bien ? <\/legend><ul id=\"wpforms-273-field_4\"><li class=\"choice-1 depth-1\"><input type=\"radio\" id=\"wpforms-273-field_4_1\" name=\"wpforms[fields][4]\" value=\"Vendre\" aria-errormessage=\"wpforms-273-field_4_1-error\"  ><label class=\"wpforms-field-label-inline\" for=\"wpforms-273-field_4_1\">Vendre<\/label><\/li><li class=\"choice-2 depth-1\"><input type=\"radio\" id=\"wpforms-273-field_4_2\" name=\"wpforms[fields][4]\" value=\"Louer\" aria-errormessage=\"wpforms-273-field_4_2-error\"  ><label class=\"wpforms-field-label-inline\" for=\"wpforms-273-field_4_2\">Louer<\/label><\/li><\/ul><\/fieldset><\/div><div id=\"wpforms-273-field_10-container\" class=\"wpforms-field wpforms-field-checkbox\" data-field-id=\"10\"><fieldset><legend class=\"wpforms-field-label\">Quel est le type de bien que vous souhaitez vendre ou louer ?<\/legend><ul id=\"wpforms-273-field_10\"><li class=\"choice-1 depth-1\"><input type=\"checkbox\" id=\"wpforms-273-field_10_1\" name=\"wpforms[fields][10][]\" value=\"Appartement\" aria-errormessage=\"wpforms-273-field_10_1-error\"  ><label class=\"wpforms-field-label-inline\" for=\"wpforms-273-field_10_1\">Appartement<\/label><\/li><li class=\"choice-2 depth-1\"><input type=\"checkbox\" id=\"wpforms-273-field_10_2\" name=\"wpforms[fields][10][]\" value=\"Maison\" aria-errormessage=\"wpforms-273-field_10_2-error\"  ><label class=\"wpforms-field-label-inline\" for=\"wpforms-273-field_10_2\">Maison<\/label><\/li><li class=\"choice-3 depth-1\"><input type=\"checkbox\" id=\"wpforms-273-field_10_3\" name=\"wpforms[fields][10][]\" value=\"Terrainchoix\" aria-errormessage=\"wpforms-273-field_10_3-error\"  ><label class=\"wpforms-field-label-inline\" for=\"wpforms-273-field_10_3\">Terrainchoix<\/label><\/li><li class=\"choice-4 depth-1\"><input type=\"checkbox\" id=\"wpforms-273-field_10_4\" name=\"wpforms[fields][10][]\" value=\"Local commercial\" aria-errormessage=\"wpforms-273-field_10_4-error\"  ><label class=\"wpforms-field-label-inline\" for=\"wpforms-273-field_10_4\">Local commercial<\/label><\/li><li class=\"choice-5 depth-1\"><input type=\"checkbox\" id=\"wpforms-273-field_10_5\" name=\"wpforms[fields][10][]\" value=\"Studio\" aria-errormessage=\"wpforms-273-field_10_5-error\"  ><label class=\"wpforms-field-label-inline\" for=\"wpforms-273-field_10_5\">Studio<\/label><\/li><\/ul><\/fieldset><\/div><div id=\"wpforms-273-field_11-container\" class=\"wpforms-field wpforms-field-text\" data-field-id=\"11\"><label class=\"wpforms-field-label\" for=\"wpforms-273-field_11\">Adresse du Bien<\/label><input type=\"text\" id=\"wpforms-273-field_11\" class=\"wpforms-field-medium\" name=\"wpforms[fields][11]\" aria-errormessage=\"wpforms-273-field_11-error\" aria-describedby=\"wpforms-273-field_11-description\" ><div id=\"wpforms-273-field_11-description\" class=\"wpforms-field-description\">Rue, Quartier, Ville, Code postal<\/div><\/div><div id=\"wpforms-273-field_13-container\" class=\"wpforms-field wpforms-field-checkbox\" data-field-id=\"13\"><fieldset><legend class=\"wpforms-field-label\">Disponibilit\u00e9 du Bien<\/legend><ul id=\"wpforms-273-field_13\"><li class=\"choice-1 depth-1\"><input type=\"checkbox\" id=\"wpforms-273-field_13_1\" name=\"wpforms[fields][13][]\" value=\"Imm\u00e9diatement\" aria-errormessage=\"wpforms-273-field_13_1-error\"  ><label class=\"wpforms-field-label-inline\" for=\"wpforms-273-field_13_1\">Imm\u00e9diatement<\/label><\/li><li class=\"choice-2 depth-1\"><input type=\"checkbox\" id=\"wpforms-273-field_13_2\" name=\"wpforms[fields][13][]\" value=\"Dans 2 \u00e0 3 semaines\" aria-errormessage=\"wpforms-273-field_13_2-error\"  ><label class=\"wpforms-field-label-inline\" for=\"wpforms-273-field_13_2\">Dans 2 \u00e0 3 semaines<\/label><\/li><li class=\"choice-4 depth-1\"><input type=\"checkbox\" id=\"wpforms-273-field_13_4\" name=\"wpforms[fields][13][]\" value=\"Dans 2 mois\" aria-errormessage=\"wpforms-273-field_13_4-error\"  ><label class=\"wpforms-field-label-inline\" for=\"wpforms-273-field_13_4\">Dans 2 mois<\/label><\/li><\/ul><\/fieldset><\/div><div id=\"wpforms-273-field_7-container\" class=\"wpforms-field wpforms-field-textarea\" data-field-id=\"7\"><label class=\"wpforms-field-label\" for=\"wpforms-273-field_7\">D\u00e9tails du Bien<\/label><textarea id=\"wpforms-273-field_7\" class=\"wpforms-field-medium\" name=\"wpforms[fields][7]\" aria-errormessage=\"wpforms-273-field_7-error\" aria-describedby=\"wpforms-273-field_7-description\" ><\/textarea><div id=\"wpforms-273-field_7-description\" class=\"wpforms-field-description\">Donner nous le maximun de d\u00e9tails sur votre bien : Surface habitable (en m\u00b2) ,\r\nNombre de pi\u00e8ces ,\r\nNombre de chambres,\r\nNombre de salles de bain,\r\nAutres caract\u00e9ristiques (Ex : Balcon, Garage, Jardin, Piscine)<\/div><\/div><script>\n\t\t\t\t( function() {\n\t\t\t\t\tconst style = document.createElement( 'style' );\n\t\t\t\t\tstyle.appendChild( document.createTextNode( '#wpforms-273-field_2-container { position: absolute !important; overflow: hidden !important; display: inline !important; height: 1px !important; width: 1px !important; z-index: -1000 !important; padding: 0 !important; } #wpforms-273-field_2-container input { visibility: hidden; } #wpforms-conversational-form-page #wpforms-273-field_2-container label { counter-increment: none; }' ) );\n\t\t\t\t\tdocument.head.appendChild( style );\n\t\t\t\t\tdocument.currentScript?.remove();\n\t\t\t\t} )();\n\t\t\t<\/script><\/div><!-- .wpforms-field-container --><div class=\"wpforms-submit-container\" ><input type=\"hidden\" name=\"wpforms[id]\" value=\"273\"><input type=\"hidden\" name=\"page_title\" value=\"\"><input type=\"hidden\" name=\"page_url\" value=\"https:\/\/immobilierism.com\/offre\/wp-json\/wp\/v2\/pages\/258\"><input type=\"hidden\" name=\"url_referer\" value=\"\"><button type=\"submit\" name=\"wpforms[submit]\" id=\"wpforms-submit-273\" class=\"wpforms-submit\" data-alt-text=\"Envoie en cours ...\" data-submit-text=\"Envoyer\" aria-live=\"assertive\" value=\"wpforms-submit\">Envoyer<\/button><img loading=\"lazy\" decoding=\"async\" src=\"https:\/\/immobilierism.com\/offre\/wp-content\/plugins\/wpforms-lite\/assets\/images\/submit-spin.svg\" class=\"wpforms-submit-spinner\" style=\"display: none;\" width=\"26\" height=\"26\" alt=\"Chargement en cours\"><\/div><\/form><\/div>  <!-- .wpforms-container -->","protected":false},"excerpt":{"rendered":"<p>Vous souhaitez vendre ou louer votre bien rapidement et en toute s\u00e9r\u00e9nit\u00e9 ? Nous sommes l\u00e0 pour vous accompagner dans chaque \u00e9tape de ce processus. Gr\u00e2ce \u00e0 notre expertise du march\u00e9 immobilier, nous vous aiderons \u00e0 trouver des acqu\u00e9reurs ou locataires fiables, tout en vous offrant des conseils personnalis\u00e9s pour valoriser votre propri\u00e9t\u00e9. \ud83d\udcde Appelez-nous [&hellip;]<\/p>\n","protected":false},"author":1,"featured_media":0,"parent":0,"menu_order":0,"comment_status":"closed","ping_status":"closed","template":"","meta":{"footnotes":""},"class_list":["post-258","page","type-page","status-publish","hentry"],"_links":{"self":[{"href":"https:\/\/immobilierism.com\/offre\/wp-json\/wp\/v2\/pages\/258","targetHints":{"allow":["GET"]}}],"collection":[{"href":"https:\/\/immobilierism.com\/offre\/wp-json\/wp\/v2\/pages"}],"about":[{"href":"https:\/\/immobilierism.com\/offre\/wp-json\/wp\/v2\/types\/page"}],"author":[{"embeddable":true,"href":"https:\/\/immobilierism.com\/offre\/wp-json\/wp\/v2\/users\/1"}],"replies":[{"embeddable":true,"href":"https:\/\/immobilierism.com\/offre\/wp-json\/wp\/v2\/comments?post=258"}],"version-history":[{"count":3,"href":"https:\/\/immobilierism.com\/offre\/wp-json\/wp\/v2\/pages\/258\/revisions"}],"predecessor-version":[{"id":280,"href":"https:\/\/immobilierism.com\/offre\/wp-json\/wp\/v2\/pages\/258\/revisions\/280"}],"wp:attachment":[{"href":"https:\/\/immobilierism.com\/offre\/wp-json\/wp\/v2\/media?parent=258"}],"curies":[{"name":"wp","href":"https:\/\/api.w.org\/{rel}","templated":true}]}}